{"id":764,"date":"2020-12-31T11:12:29","date_gmt":"2020-12-31T10:12:29","guid":{"rendered":"https:\/\/rs-schlossneuhaus.lspb.de\/RSN-Home\/?page_id=764"},"modified":"2021-01-08T13:49:21","modified_gmt":"2021-01-08T12:49:21","slug":"biologie","status":"publish","type":"page","link":"https:\/\/rs-schlossneuhaus.lspb.de\/RSN-Home\/tag-der-offenen-tuer\/wahlpflicht-2\/biologie\/","title":{"rendered":"Biologie"},"content":{"rendered":"\n<p>Das Fach Biologie an der Realschule Schlo\u00df Neuhaus stellt sich vor.<\/p>\n\n\n\n<figure class=\"wp-block-image size-large\"><img loading=\"lazy\" decoding=\"async\" width=\"1920\" height=\"2560\" src=\"https:\/\/rs-schlossneuhaus.lspb.de\/RSN-Home\/wp-content\/uploads\/2021\/01\/IMG_6770-edited-scaled.jpg\" alt=\"\" class=\"wp-image-884\" srcset=\"https:\/\/rs-schlossneuhaus.lspb.de\/RSN-Home\/wp-content\/uploads\/2021\/01\/IMG_6770-edited-scaled.jpg 1920w, https:\/\/rs-schlossneuhaus.lspb.de\/RSN-Home\/wp-content\/uploads\/2021\/01\/IMG_6770-edited-225x300.jpg 225w, https:\/\/rs-schlossneuhaus.lspb.de\/RSN-Home\/wp-content\/uploads\/2021\/01\/IMG_6770-edited-768x1024.jpg 768w, https:\/\/rs-schlossneuhaus.lspb.de\/RSN-Home\/wp-content\/uploads\/2021\/01\/IMG_6770-edited-300x400.jpg 300w, https:\/\/rs-schlossneuhaus.lspb.de\/RSN-Home\/wp-content\/uploads\/2021\/01\/IMG_6770-edited-1152x1536.jpg 1152w, https:\/\/rs-schlossneuhaus.lspb.de\/RSN-Home\/wp-content\/uploads\/2021\/01\/IMG_6770-edited-1536x2048.jpg 1536w\" sizes=\"auto, (max-width: 1920px) 100vw, 1920px\" \/><\/figure>\n\n\n\n<p>Freude an der Natur und Umwelt ist uns ganz wichtig.<\/p>\n\n\n\n<figure class=\"wp-block-image size-large\"><img loading=\"lazy\" decoding=\"async\" width=\"1920\" height=\"2560\" src=\"https:\/\/rs-schlossneuhaus.lspb.de\/RSN-Home\/wp-content\/uploads\/2021\/01\/IMG_6888-edited-scaled.jpg\" alt=\"\" class=\"wp-image-891\" srcset=\"https:\/\/rs-schlossneuhaus.lspb.de\/RSN-Home\/wp-content\/uploads\/2021\/01\/IMG_6888-edited-scaled.jpg 1920w, https:\/\/rs-schlossneuhaus.lspb.de\/RSN-Home\/wp-content\/uploads\/2021\/01\/IMG_6888-edited-225x300.jpg 225w, https:\/\/rs-schlossneuhaus.lspb.de\/RSN-Home\/wp-content\/uploads\/2021\/01\/IMG_6888-edited-768x1024.jpg 768w, https:\/\/rs-schlossneuhaus.lspb.de\/RSN-Home\/wp-content\/uploads\/2021\/01\/IMG_6888-edited-300x400.jpg 300w, https:\/\/rs-schlossneuhaus.lspb.de\/RSN-Home\/wp-content\/uploads\/2021\/01\/IMG_6888-edited-1152x1536.jpg 1152w, https:\/\/rs-schlossneuhaus.lspb.de\/RSN-Home\/wp-content\/uploads\/2021\/01\/IMG_6888-edited-1536x2048.jpg 1536w\" sizes=\"auto, (max-width: 1920px) 100vw, 1920px\" \/><\/figure>\n\n\n\n<p>Wir werden zusammen Tiere und Pflanzen kennenlernen, verschiedene Versuche machen, mikroskopieren und den Menschen erforschen.<\/p>\n\n\n\n<figure class=\"wp-block-image size-large\"><img loading=\"lazy\" decoding=\"async\" width=\"1920\" height=\"2560\" src=\"https:\/\/rs-schlossneuhaus.lspb.de\/RSN-Home\/wp-content\/uploads\/2021\/01\/759919CC-F847-4F43-A526-C96E99C6C865-edited-scaled.jpg\" alt=\"\" class=\"wp-image-886\" srcset=\"https:\/\/rs-schlossneuhaus.lspb.de\/RSN-Home\/wp-content\/uploads\/2021\/01\/759919CC-F847-4F43-A526-C96E99C6C865-edited-scaled.jpg 1920w, https:\/\/rs-schlossneuhaus.lspb.de\/RSN-Home\/wp-content\/uploads\/2021\/01\/759919CC-F847-4F43-A526-C96E99C6C865-edited-225x300.jpg 225w, https:\/\/rs-schlossneuhaus.lspb.de\/RSN-Home\/wp-content\/uploads\/2021\/01\/759919CC-F847-4F43-A526-C96E99C6C865-edited-768x1024.jpg 768w, https:\/\/rs-schlossneuhaus.lspb.de\/RSN-Home\/wp-content\/uploads\/2021\/01\/759919CC-F847-4F43-A526-C96E99C6C865-edited-300x400.jpg 300w, https:\/\/rs-schlossneuhaus.lspb.de\/RSN-Home\/wp-content\/uploads\/2021\/01\/759919CC-F847-4F43-A526-C96E99C6C865-edited-1152x1536.jpg 1152w, https:\/\/rs-schlossneuhaus.lspb.de\/RSN-Home\/wp-content\/uploads\/2021\/01\/759919CC-F847-4F43-A526-C96E99C6C865-edited-1536x2048.jpg 1536w\" sizes=\"auto, (max-width: 1920px) 100vw, 1920px\" \/><\/figure>\n\n\n\n<p>Wir arbeiten mit einem Biologiebuch, das uns mit Sachtexten unterst\u00fctzt, so dass ihr auch biologische Vorg\u00e4nge gut verstehen k\u00f6nnt.<\/p>\n\n\n\n<figure class=\"wp-block-image size-large\"><img loading=\"lazy\" decoding=\"async\" width=\"1920\" height=\"2560\" src=\"https:\/\/rs-schlossneuhaus.lspb.de\/RSN-Home\/wp-content\/uploads\/2021\/01\/IMG_6775-edited-scaled.jpg\" alt=\"\" class=\"wp-image-888\" srcset=\"https:\/\/rs-schlossneuhaus.lspb.de\/RSN-Home\/wp-content\/uploads\/2021\/01\/IMG_6775-edited-scaled.jpg 1920w, https:\/\/rs-schlossneuhaus.lspb.de\/RSN-Home\/wp-content\/uploads\/2021\/01\/IMG_6775-edited-225x300.jpg 225w, https:\/\/rs-schlossneuhaus.lspb.de\/RSN-Home\/wp-content\/uploads\/2021\/01\/IMG_6775-edited-768x1024.jpg 768w, https:\/\/rs-schlossneuhaus.lspb.de\/RSN-Home\/wp-content\/uploads\/2021\/01\/IMG_6775-edited-300x400.jpg 300w, https:\/\/rs-schlossneuhaus.lspb.de\/RSN-Home\/wp-content\/uploads\/2021\/01\/IMG_6775-edited-1152x1536.jpg 1152w, https:\/\/rs-schlossneuhaus.lspb.de\/RSN-Home\/wp-content\/uploads\/2021\/01\/IMG_6775-edited-1536x2048.jpg 1536w\" sizes=\"auto, (max-width: 1920px) 100vw, 1920px\" \/><\/figure>\n\n\n\n<p>Dabei helfen unter anderem Bilder, Filme, Arbeitsbl\u00e4tter, Exkursionen.<\/p>\n\n\n\n<p>Unsere Themen in der f\u00fcnften Klasse sind unter anderem:<\/p>\n\n\n\n<ul class=\"wp-block-list\"><li>der Haushund<\/li><li>die Katze<\/li><li>das Bewegungssystem des Menschen<\/li><li>die Sinnesorgane<\/li><li>das Rind<\/li><li>das Huhn<\/li><li>die Pflanzenkunde. In der siebten Klasse kann man Biologie als Schwerpunktfach w\u00e4hlen. <\/li><\/ul>\n\n\n\n<p>Wir freuen uns darauf, dich bald kennenzulernen!<\/p>\n\n\n\n<div class=\"wp-block-buttons is-layout-flex wp-block-buttons-is-layout-flex\">\n<div class=\"wp-block-button\"><a class=\"wp-block-button__link\" href=\"https:\/\/rs-schlossneuhaus.lspb.de\/RSN-Home\/tag-der-offenen-tuer\/wahlpflicht-2\/\">Zur\u00fcck<\/a><\/div>\n<\/div>\n\n\n\n<p><\/p>\n","protected":false},"excerpt":{"rendered":"<p>Das Fach Biologie an der Realschule Schlo\u00df Neuhaus stellt sich vor. Freude an der Natur und Umwelt ist uns ganz wichtig. Wir werden zusammen Tiere und Pflanzen kennenlernen, verschiedene Versuche machen, mikroskopieren und den Menschen erforschen. Wir arbeiten mit einem Biologiebuch, das uns mit Sachtexten unterst\u00fctzt, so dass ihr auch biologische Vorg\u00e4nge gut verstehen k\u00f6nnt. [&hellip;]<\/p>\n","protected":false},"author":1,"featured_media":0,"parent":739,"menu_order":0,"comment_status":"closed","ping_status":"closed","template":"","meta":{"footnotes":""},"class_list":["post-764","page","type-page","status-publish","hentry"],"_links":{"self":[{"href":"https:\/\/rs-schlossneuhaus.lspb.de\/RSN-Home\/wp-json\/wp\/v2\/pages\/764","targetHints":{"allow":["GET"]}}],"collection":[{"href":"https:\/\/rs-schlossneuhaus.lspb.de\/RSN-Home\/wp-json\/wp\/v2\/pages"}],"about":[{"href":"https:\/\/rs-schlossneuhaus.lspb.de\/RSN-Home\/wp-json\/wp\/v2\/types\/page"}],"author":[{"embeddable":true,"href":"https:\/\/rs-schlossneuhaus.lspb.de\/RSN-Home\/wp-json\/wp\/v2\/users\/1"}],"replies":[{"embeddable":true,"href":"https:\/\/rs-schlossneuhaus.lspb.de\/RSN-Home\/wp-json\/wp\/v2\/comments?post=764"}],"version-history":[{"count":5,"href":"https:\/\/rs-schlossneuhaus.lspb.de\/RSN-Home\/wp-json\/wp\/v2\/pages\/764\/revisions"}],"predecessor-version":[{"id":994,"href":"https:\/\/rs-schlossneuhaus.lspb.de\/RSN-Home\/wp-json\/wp\/v2\/pages\/764\/revisions\/994"}],"up":[{"embeddable":true,"href":"https:\/\/rs-schlossneuhaus.lspb.de\/RSN-Home\/wp-json\/wp\/v2\/pages\/739"}],"wp:attachment":[{"href":"https:\/\/rs-schlossneuhaus.lspb.de\/RSN-Home\/wp-json\/wp\/v2\/media?parent=764"}],"curies":[{"name":"wp","href":"https:\/\/api.w.org\/{rel}","templated":true}]}}