{"id":133,"date":"2020-08-13T23:02:02","date_gmt":"2020-08-13T21:02:02","guid":{"rendered":"https:\/\/rs-schlossneuhaus.lspb.de\/RSN-Home\/?page_id=133"},"modified":"2024-02-29T13:59:40","modified_gmt":"2024-02-29T12:59:40","slug":"kontakt-fuer-praktikanten-und-lehramtsanwaerter","status":"publish","type":"page","link":"https:\/\/rs-schlossneuhaus.lspb.de\/RSN-Home\/kontakt-fuer-praktikanten-und-lehramtsanwaerter\/","title":{"rendered":"Kontakt f\u00fcr Praktikanten und Lehramtsanw\u00e4rter"},"content":{"rendered":"\n<p>An der Realschule Schloss Neuhaus k\u00f6nnen Studentinnen und Studenten ihr Eignungs-, und Orientierungspraktikum ableisten. Zudem erhalten jedes Halbjahr bis zu f\u00fcnf Studierende im Masterstudiengang die M\u00f6glichkeit, ihr Praxissemester an unserer Schule zu absolvieren.<\/p>\n\n\n\n<p>Die Vergabe der <strong>Praktikumspl\u00e4tze f\u00fcr das Praxissemester<\/strong> erfolgt durch ein onlinegest\u00fctztes Verfahren (pvp-nrw.de).<\/p>\n\n\n\n<p>Eignung- und Orientierungspraktikanten k\u00f6nnen sich direkt bei der Schule unter Angabe ihrer F\u00e4chernd und des gew\u00fcnschten Zeitraumes per E-Mail bewerben.<\/p>\n\n\n\n<p>Bei weiteren Fragen:<\/p>\n\n\n\n<p><a href=\"mailto:bwoerde1@lspb.de\">bwoerde1@lspb.de<\/a><\/p>\n\n\n\n<p><\/p>\n","protected":false},"excerpt":{"rendered":"<p>An der Realschule Schloss Neuhaus k\u00f6nnen Studentinnen und Studenten ihr Eignungs-, und Orientierungspraktikum ableisten. Zudem erhalten jedes Halbjahr bis zu f\u00fcnf Studierende im Masterstudiengang die M\u00f6glichkeit, ihr Praxissemester an unserer Schule zu absolvieren. Die Vergabe der Praktikumspl\u00e4tze f\u00fcr das Praxissemester erfolgt durch ein onlinegest\u00fctztes Verfahren (pvp-nrw.de). Eignung- und Orientierungspraktikanten k\u00f6nnen sich direkt bei der Schule [&hellip;]<\/p>\n","protected":false},"author":1,"featured_media":0,"parent":0,"menu_order":0,"comment_status":"closed","ping_status":"closed","template":"","meta":{"footnotes":""},"class_list":["post-133","page","type-page","status-publish","hentry"],"_links":{"self":[{"href":"https:\/\/rs-schlossneuhaus.lspb.de\/RSN-Home\/wp-json\/wp\/v2\/pages\/133","targetHints":{"allow":["GET"]}}],"collection":[{"href":"https:\/\/rs-schlossneuhaus.lspb.de\/RSN-Home\/wp-json\/wp\/v2\/pages"}],"about":[{"href":"https:\/\/rs-schlossneuhaus.lspb.de\/RSN-Home\/wp-json\/wp\/v2\/types\/page"}],"author":[{"embeddable":true,"href":"https:\/\/rs-schlossneuhaus.lspb.de\/RSN-Home\/wp-json\/wp\/v2\/users\/1"}],"replies":[{"embeddable":true,"href":"https:\/\/rs-schlossneuhaus.lspb.de\/RSN-Home\/wp-json\/wp\/v2\/comments?post=133"}],"version-history":[{"count":5,"href":"https:\/\/rs-schlossneuhaus.lspb.de\/RSN-Home\/wp-json\/wp\/v2\/pages\/133\/revisions"}],"predecessor-version":[{"id":2712,"href":"https:\/\/rs-schlossneuhaus.lspb.de\/RSN-Home\/wp-json\/wp\/v2\/pages\/133\/revisions\/2712"}],"wp:attachment":[{"href":"https:\/\/rs-schlossneuhaus.lspb.de\/RSN-Home\/wp-json\/wp\/v2\/media?parent=133"}],"curies":[{"name":"wp","href":"https:\/\/api.w.org\/{rel}","templated":true}]}}